{"id":27,"date":"2025-10-01T10:56:58","date_gmt":"2025-10-01T10:56:58","guid":{"rendered":"http:\/\/aniapopieko.wordpress.com\/?page_id=1"},"modified":"2025-10-08T20:30:51","modified_gmt":"2025-10-08T20:30:51","slug":"informacje","status":"publish","type":"page","link":"https:\/\/ania.popieko.com\/index.php\/informacje\/","title":{"rendered":"About"},"content":{"rendered":"\n<p>To jest przyk\u0142adowa strona. W przeciwie\u0144stwie do wpis\u00f3w, kt\u00f3re s\u0105 wy\u015bwietlane na stronie g\u0142\u00f3wnej twojego blogu w takiej kolejno\u015bci w jakiej zosta\u0142y opublikowane, strony s\u0105 lepiej dopasowane do tre\u015bci &#8220;ponadczasowych&#8221;, takich jako strona &#8220;O mnie&#8221; lub &#8220;Kontakt&#8221;. <\/p>\n","protected":false},"excerpt":{"rendered":"<p>To jest przyk\u0142adowa strona. W przeciwie\u0144stwie do wpis\u00f3w, kt\u00f3re s\u0105 wy\u015bwietlane na stronie g\u0142\u00f3wnej twojego blogu w takiej kolejno\u015bci w jakiej zosta\u0142y opublikowane, strony s\u0105 lepiej dopasowane do tre\u015bci &#8220;ponadczasowych&#8221;, takich jako strona &#8220;O mnie&#8221; lub &#8220;Kontakt&#8221;.<\/p>\n","protected":false},"author":1,"featured_media":0,"parent":0,"menu_order":0,"comment_status":"closed","ping_status":"open","template":"","meta":{"sfsi_plus_gutenberg_text_before_share":"","sfsi_plus_gutenberg_show_text_before_share":"","sfsi_plus_gutenberg_icon_type":"","sfsi_plus_gutenberg_icon_alignemt":"","sfsi_plus_gutenburg_max_per_row":"","_kadence_starter_templates_imported_post":false,"_kad_post_transparent":"","_kad_post_title":"","_kad_post_layout":"","_kad_post_sidebar_id":"","_kad_post_content_style":"","_kad_post_vertical_padding":"","_kad_post_feature":"","_kad_post_feature_position":"","_kad_post_header":false,"_kad_post_footer":false,"footnotes":""},"class_list":["post-27","page","type-page","status-publish","hentry"],"_links":{"self":[{"href":"https:\/\/ania.popieko.com\/index.php\/wp-json\/wp\/v2\/pages\/27","targetHints":{"allow":["GET"]}}],"collection":[{"href":"https:\/\/ania.popieko.com\/index.php\/wp-json\/wp\/v2\/pages"}],"about":[{"href":"https:\/\/ania.popieko.com\/index.php\/wp-json\/wp\/v2\/types\/page"}],"author":[{"embeddable":true,"href":"https:\/\/ania.popieko.com\/index.php\/wp-json\/wp\/v2\/users\/1"}],"replies":[{"embeddable":true,"href":"https:\/\/ania.popieko.com\/index.php\/wp-json\/wp\/v2\/comments?post=27"}],"version-history":[{"count":2,"href":"https:\/\/ania.popieko.com\/index.php\/wp-json\/wp\/v2\/pages\/27\/revisions"}],"predecessor-version":[{"id":121,"href":"https:\/\/ania.popieko.com\/index.php\/wp-json\/wp\/v2\/pages\/27\/revisions\/121"}],"wp:attachment":[{"href":"https:\/\/ania.popieko.com\/index.php\/wp-json\/wp\/v2\/media?parent=27"}],"curies":[{"name":"wp","href":"https:\/\/api.w.org\/{rel}","templated":true}]}}